{"id":362,"date":"2022-06-03T05:15:29","date_gmt":"2022-06-03T05:15:29","guid":{"rendered":"https:\/\/sportano.pl\/blog\/?page_id=362"},"modified":"2022-06-03T05:17:15","modified_gmt":"2022-06-03T05:17:15","slug":"redakcja","status":"publish","type":"page","link":"https:\/\/sportano.pl\/blog\/redakcja\/","title":{"rendered":"Redakcja"},"content":{"rendered":"\n<p><strong>Z pasj\u0105 do sportowego stylu \u017cycia<\/strong><\/p>\n\n\n\n<p><strong>Zesp\u00f3\u0142 bloga Sportano.pl<\/strong>&nbsp;tworz\u0105 zagorzali sportowcy i mi\u0142o\u015bnicy aktywnego wypoczynku, a do tego specjali\u015bci rynku e-commerce. Swoj\u0105 wiedz\u0105 i do\u015bwiadczeniem chcemy zara\u017ca\u0107 sportow\u0105 energi\u0105 zar\u00f3wno pocz\u0105tkuj\u0105cych adept\u00f3w wszelkiego typu form ruchu, jak i motywowa\u0107 oraz wspiera\u0107 pasjonat\u00f3w i profesjonalist\u00f3w w podnoszenie swoich osi\u0105gni\u0119\u0107 na jak najwy\u017cszy poziom.<\/p>\n\n\n\n<p><br>Dla nas aktywno\u015b\u0107 fizyczna&nbsp;to&nbsp;nie tylko zdrowa i sprawna sylwetka, ale r\u00f3wnie\u017c styl \u017cycia, pasja i spos\u00f3b sp\u0119dzania wolnego czasu.&nbsp;Chcemy Ci\u0119 zach\u0119ci\u0107 do podejmowania sportowych wyzwa\u0144 i dopingowa\u0107 w pokonywaniu w\u0142asnych s\u0142abo\u015bci.&nbsp;<\/p>\n<div id=\"synerise-rekomendacje\" class=\"synerise\"><\/div>","protected":false},"excerpt":{"rendered":"<p>Z pasj\u0105 do sportowego stylu \u017cycia Zesp\u00f3\u0142 bloga Sportano.pl&nbsp;tworz\u0105 zagorzali sportowcy i mi\u0142o\u015bnicy aktywnego wypoczynku, a do tego specjali\u015bci rynku e-commerce. Swoj\u0105 wiedz\u0105 i do\u015bwiadczeniem chcemy zara\u017ca\u0107 sportow\u0105 energi\u0105 zar\u00f3wno pocz\u0105tkuj\u0105cych adept\u00f3w wszelkiego typu form ruchu, jak i motywowa\u0107 oraz wspiera\u0107 pasjonat\u00f3w i profesjonalist\u00f3w w podnoszenie swoich osi\u0105gni\u0119\u0107 na jak najwy\u017cszy poziom. Dla nas aktywno\u015b\u0107 [&hellip;]<\/p>\n","protected":false},"author":7,"featured_media":364,"parent":0,"menu_order":0,"comment_status":"closed","ping_status":"closed","template":"","meta":{"_acf_changed":false,"footnotes":""},"class_list":["post-362","page","type-page","status-publish","has-post-thumbnail","hentry"],"acf":[],"yoast_head":"<!-- This site is optimized with the Yoast SEO plugin v27.1.1 - https:\/\/yoast.com\/product\/yoast-seo-wordpress\/ -->\n<title>Redakcja - Blog Sportano.pl<\/title>\n<meta name=\"description\" content=\"Porady, inspiracje, testy sprz\u0119tu sportowego \u2013 sprawd\u017a blog Sportano z materia\u0142ami dla sportowc\u00f3w i os\u00f3b aktywnych na ka\u017cdym poziomie zaawansowania.\" \/>\n<meta name=\"robots\" content=\"index, follow, max-snippet:-1, max-image-preview:large, max-video-preview:-1\" \/>\n<link rel=\"canonical\" href=\"https:\/\/sportano.pl\/blog\/redakcja\/\" \/>\n<meta property=\"og:locale\" content=\"pl_PL\" \/>\n<meta property=\"og:type\" content=\"article\" \/>\n<meta property=\"og:title\" content=\"Redakcja - Blog Sportano.pl\" \/>\n<meta property=\"og:description\" content=\"Porady, inspiracje, testy sprz\u0119tu sportowego \u2013 sprawd\u017a blog Sportano z materia\u0142ami dla sportowc\u00f3w i os\u00f3b aktywnych na ka\u017cdym poziomie zaawansowania.\" \/>\n<meta property=\"og:url\" content=\"https:\/\/sportano.pl\/blog\/redakcja\/\" \/>\n<meta property=\"article:modified_time\" content=\"2022-06-03T05:17:15+00:00\" \/>\n<meta property=\"og:image\" content=\"http:\/\/sportano.pl\/blog\/wp-content\/uploads\/2022\/06\/o_nas-scaled.jpg\" \/>\n\t<meta property=\"og:image:width\" content=\"2560\" \/>\n\t<meta property=\"og:image:height\" content=\"1707\" \/>\n\t<meta property=\"og:image:type\" content=\"image\/jpeg\" \/>\n<meta name=\"twitter:card\" content=\"summary_large_image\" \/>\n<meta name=\"twitter:label1\" content=\"Szacowany czas czytania\" \/>\n\t<meta name=\"twitter:data1\" content=\"1 minuta\" \/>\n<!-- \/ Yoast SEO plugin. -->","yoast_head_json":{"title":"Redakcja - Blog Sportano.pl","description":"Porady, inspiracje, testy sprz\u0119tu sportowego \u2013 sprawd\u017a blog Sportano z materia\u0142ami dla sportowc\u00f3w i os\u00f3b aktywnych na ka\u017cdym poziomie zaawansowania.","robots":{"index":"index","follow":"follow","max-snippet":"max-snippet:-1","max-image-preview":"max-image-preview:large","max-video-preview":"max-video-preview:-1"},"canonical":"https:\/\/sportano.pl\/blog\/redakcja\/","og_locale":"pl_PL","og_type":"article","og_title":"Redakcja - Blog Sportano.pl","og_description":"Porady, inspiracje, testy sprz\u0119tu sportowego \u2013 sprawd\u017a blog Sportano z materia\u0142ami dla sportowc\u00f3w i os\u00f3b aktywnych na ka\u017cdym poziomie zaawansowania.","og_url":"https:\/\/sportano.pl\/blog\/redakcja\/","article_modified_time":"2022-06-03T05:17:15+00:00","og_image":[{"width":2560,"height":1707,"url":"http:\/\/sportano.pl\/blog\/wp-content\/uploads\/2022\/06\/o_nas-scaled.jpg","type":"image\/jpeg"}],"twitter_card":"summary_large_image","twitter_misc":{"Szacowany czas czytania":"1 minuta"},"schema":{"@context":"https:\/\/schema.org","@graph":[{"@type":"WebPage","@id":"https:\/\/sportano.pl\/blog\/redakcja\/","url":"https:\/\/sportano.pl\/blog\/redakcja\/","name":"Redakcja - Blog Sportano.pl","isPartOf":{"@id":"https:\/\/sportano.pl\/blog\/#website"},"primaryImageOfPage":{"@id":"https:\/\/sportano.pl\/blog\/redakcja\/#primaryimage"},"image":{"@id":"https:\/\/sportano.pl\/blog\/redakcja\/#primaryimage"},"thumbnailUrl":"https:\/\/sportano.pl\/blog\/wp-content\/uploads\/2022\/06\/o_nas-scaled.jpg","datePublished":"2022-06-03T05:15:29+00:00","dateModified":"2022-06-03T05:17:15+00:00","description":"Porady, inspiracje, testy sprz\u0119tu sportowego \u2013 sprawd\u017a blog Sportano z materia\u0142ami dla sportowc\u00f3w i os\u00f3b aktywnych na ka\u017cdym poziomie zaawansowania.","breadcrumb":{"@id":"https:\/\/sportano.pl\/blog\/redakcja\/#breadcrumb"},"inLanguage":"pl-PL","potentialAction":[{"@type":"ReadAction","target":["https:\/\/sportano.pl\/blog\/redakcja\/"]}]},{"@type":"ImageObject","inLanguage":"pl-PL","@id":"https:\/\/sportano.pl\/blog\/redakcja\/#primaryimage","url":"https:\/\/sportano.pl\/blog\/wp-content\/uploads\/2022\/06\/o_nas-scaled.jpg","contentUrl":"https:\/\/sportano.pl\/blog\/wp-content\/uploads\/2022\/06\/o_nas-scaled.jpg","width":980,"height":653,"caption":"Grupa os\u00f3b na szczycie g\u00f3ry cieszy si\u0119 niezwyk\u0142ym widokiem"},{"@type":"BreadcrumbList","@id":"https:\/\/sportano.pl\/blog\/redakcja\/#breadcrumb","itemListElement":[{"@type":"ListItem","position":1,"name":"Strona g\u0142\u00f3wna","item":"https:\/\/sportano.pl\/blog\/"},{"@type":"ListItem","position":2,"name":"Redakcja"}]},{"@type":"WebSite","@id":"https:\/\/sportano.pl\/blog\/#website","url":"https:\/\/sportano.pl\/blog\/","name":"","description":"","publisher":{"@id":"https:\/\/sportano.pl\/blog\/#organization"},"potentialAction":[{"@type":"SearchAction","target":{"@type":"EntryPoint","urlTemplate":"https:\/\/sportano.pl\/blog\/?s={search_term_string}"},"query-input":{"@type":"PropertyValueSpecification","valueRequired":true,"valueName":"search_term_string"}}],"inLanguage":"pl-PL"},{"@type":"Organization","@id":"https:\/\/sportano.pl\/blog\/#organization","name":"Sportano.pl","url":"https:\/\/sportano.pl\/blog\/","logo":{"@type":"ImageObject","inLanguage":"pl-PL","@id":"https:\/\/sportano.pl\/blog\/#\/schema\/logo\/image\/","url":"http:\/\/sportano.pl\/blog\/wp-content\/uploads\/2022\/04\/sportano-blog-logo.png","contentUrl":"http:\/\/sportano.pl\/blog\/wp-content\/uploads\/2022\/04\/sportano-blog-logo.png","width":1200,"height":200,"caption":"Sportano.pl"},"image":{"@id":"https:\/\/sportano.pl\/blog\/#\/schema\/logo\/image\/"}}]}},"_links":{"self":[{"href":"https:\/\/sportano.pl\/blog\/wp-json\/wp\/v2\/pages\/362","targetHints":{"allow":["GET"]}}],"collection":[{"href":"https:\/\/sportano.pl\/blog\/wp-json\/wp\/v2\/pages"}],"about":[{"href":"https:\/\/sportano.pl\/blog\/wp-json\/wp\/v2\/types\/page"}],"author":[{"embeddable":true,"href":"https:\/\/sportano.pl\/blog\/wp-json\/wp\/v2\/users\/7"}],"replies":[{"embeddable":true,"href":"https:\/\/sportano.pl\/blog\/wp-json\/wp\/v2\/comments?post=362"}],"version-history":[{"count":1,"href":"https:\/\/sportano.pl\/blog\/wp-json\/wp\/v2\/pages\/362\/revisions"}],"predecessor-version":[{"id":363,"href":"https:\/\/sportano.pl\/blog\/wp-json\/wp\/v2\/pages\/362\/revisions\/363"}],"wp:featuredmedia":[{"embeddable":true,"href":"https:\/\/sportano.pl\/blog\/wp-json\/wp\/v2\/media\/364"}],"wp:attachment":[{"href":"https:\/\/sportano.pl\/blog\/wp-json\/wp\/v2\/media?parent=362"}],"curies":[{"name":"wp","href":"https:\/\/api.w.org\/{rel}","templated":true}]}}